 of 338169070.
2, 5, 33816907
What are the prime factors of 429006102?
2, 3, 7, 10214431
List the prime factors of 4181068703.
7, 197, 3031957
What are the prime factors of 49322017?
49322017
List the prime factors of 4352003286.
2, 3, 725333881
What are the prime factors of 33034850?
2, 5, 599, 1103
List the prime factors of 121767075.
3, 5, 271, 1997
List the prime factors of 45295538.
2, 22647769
What are the prime factors of 14973734?
2, 7486867
What are the prime factors of 49700839?
109, 211, 2161
What are the prime factors of 65903687?
41, 1607407
List the prime factors of 293754009.
3, 113, 653, 1327
List the prime factors of 997813485.
3, 5, 23, 107119
What are the prime factors of 1016075555?
5, 11, 2069, 8929
List the prime factors of 58387805.
5, 7, 227, 7349
What are the prime factors of 2250909588?
2, 3, 29, 7691
What are the prime factors of 3342675250?
2, 5, 47, 284483
List the prime factors of 841447228.
2, 887, 237161
List the prime factors of 65827129.
29, 2269901
What are the prime factors of 450883426?
2, 7, 233, 277, 499
List the prime factors of 3590196260.
2, 5, 7, 523, 49033
What are the prime factors of 159351679?
43, 3705853
What are the prime factors of 22395081?
3, 7465027
List the prime factors of 1545868834.
2, 43, 173, 103903
What are the prime factors of 1075750024?
2, 134468753
List the prime factors of 483764888.
2, 23, 613, 4289
List the prime factors of 4596054194.
2, 97, 1987, 11923
List the prime factors of 492523882.
2, 61, 757, 5333
What are the prime factors of 13866100?
2, 5, 138661
List the prime factors of 47403219.
3, 15801073
List the prime factors of 153866888.
2, 7, 31, 61, 1453
What are the prime factors of 22960472?
2, 17, 9931
List the prime factors of 225732309.
3, 11, 79, 86587
List the prime factors of 343131505.
5, 68626301
List the prime factors of 4881700421.
13, 1847, 203311
What are the prime factors of 204261106?
2, 7, 2084297
What are the prime factors of 139843257?
3, 46614419
List the prime factors of 17351312.
2, 11, 311, 317
List the prime factors of 260256500.
2, 5, 7, 23, 53, 61
List the prime factors of 308161827.
3, 269, 14143
List the prime factors of 85108503.
3, 59, 480839
List the prime factors of 25492715.
5, 89, 57287
What are the prime factors of 205434716?
2, 167, 307537
What are the prime factors of 1497715643?
29, 51645367
List the prime factors of 874021151.
193, 4528607
What are the prime factors of 79916661?
3, 11, 43, 18773
List the prime factors of 38384628.
2, 3, 3198719
List the prime factors of 524907788.
2, 1553, 84499
What are the prime factors of 39761923?
41, 139, 6977
List the prime factors of 1016273890.
2, 5, 809, 125621
List the prime factors of 1672298264.
2, 7, 13, 25243
What are the prime factors of 52393610?
2, 5, 443, 11827
What are the prime factors of 57157357?
57157357
List the prime factors of 1752233834.
2, 13, 67393609
What are the prime factors of 1986175332?
2, 3, 31, 43, 41389
What are the prime factors of 1525544374?
2, 661, 1153967
What are the prime factors of 80029729?
13, 19, 17053
List the prime factors of 1016511834.
2, 3, 13, 977, 13339
What are the prime factors of 886827276?
2, 3, 67, 367673
List the prime factors of 1023906463.
89, 331, 34757
What are the prime factors of 15620486?
2, 7, 59, 18911
What are the prime factors of 53639871?
3, 3359, 5323
List the prime factors of 1873694688.
2, 3, 19517653
List the prime factors of 1223493288.
2, 3, 50978887
What are the prime factors of 78954777?
3, 11, 265841
List the prime factors of 2185931.
11, 19, 10459
What are the prime factors of 38471338?
2, 1753, 10973
What are the prime factors of 1752841929?
3, 269, 2172047
List the prime factors of 2169693169.
7, 7499, 41333
What are the prime factors of 1307522247?
3, 31, 14059379
List the prime factors of 3769558.
2, 13, 144983
List the prime factors of 212331004.
2, 19, 941, 2969
List the prime factors of 97825904.
2, 11, 555829
What are the prime factors of 547662613?
547662613
List the prime factors of 601196138.
2, 19, 15820951
List the prime factors of 388708291.
3433, 113227
What are the prime factors of 56211821?
56211821
What are the prime factors of 468194409?
3, 19, 2737979
List the prime factors of 263437847.
103, 2557649
List the prime factors of 187247641.
7, 19, 1407877
List the prime factors of 5706105.
3, 5, 197, 1931
What are the prime factors of 155658271?
101, 1541171
List the prime factors of 44814467.
44814467
What are the prime factors of 145816796?
2, 1873, 19463
What are the prime factors of 236085603?
3, 13, 6053477
What are the prime factors of 25079076?
2, 3, 11, 63331
What are the prime factors of 54421489?
389, 139901
What are the prime factors of 24610443?
3, 11, 13, 57367
List the prime factors of 1073754416.
2, 7, 107, 89599
What are the prime factors of 2448491213?
7, 349784459
List the prime factors of 14722776.
2, 3, 68161
What are the prime factors of 51321794?
2, 601, 42697
What are the prime factors of 511006614?
2, 3, 85167769
List the prime factors of 329266895.
5, 367, 179437
List the prime factors of 100568439.
3, 3724757
What are the prime factors of 41895373?
13, 43, 149, 503
What are the prime factors of 12960357?
3, 4320119
What are the prime factors of 12300293?
53, 232081
List the prime factors of 1639742466.
2, 3, 127, 1453, 1481
List the prime factors of 46791299.
4561, 10259
What are the prime factors of 366627130?
2, 5, 23, 1594031
What are the prime factors of 315947441?
315947441
What are the prime factors of 1841959399?
7, 41, 167, 38431
List the prime factors of 713433853.
11, 167, 388369
What are the prime factors of 53514289?
919, 58231
What are the prime factors of 102942802?
2, 23, 97, 23071
List the prime factors of 7273895100.
2, 3, 5, 1789, 13553
What are the prime factors of 1632264810?
2, 3, 5, 11, 4946257
List the prime factors of 49199100.
2, 3, 5, 163997
List the prime factors of 4417962394.
2, 13537, 163181
What are the prime factors of 90198549?
3, 7, 17, 67, 419
What are the prime factors of 1183912527?
3, 7, 56376787
What are the prime factors of 267565845?
3, 5, 619, 28817
What are the prime factors of 9672071?
431, 22441
List the prime factors of 253754806.
2, 37, 643, 5333
List the prime factors of 1610611232.
2, 3109, 16189
What are the prime factors of 40935883?
23, 1779821
What are the prime factors of 44067726?
2, 3, 19, 103, 139
What are the prime factors of 19658431?
13, 941, 1607
List the prime factors of 366361998.
2, 3, 883, 69151
What are the prime factors of 61477727?
97, 633791
What are the prime factors of 4637532896?
2, 144922903
What are the prime factors of 225302521?
89, 2531489
List the prime factors of 91923134.
2, 23, 1998329
List the prime factors of 188873061.
3, 13, 139, 34841
List the prime factors of 27444433.
1319, 20807
List the prime factors of 159350092.
2, 11, 3621593
List the prime factors of 1572397103.
37, 631, 67349
List the prime factors of 106531577.
293, 363589
List the prime factors of 1448284631.
23, 61, 941, 1097
What are the prime factors of 45004212?
2, 3, 11, 113647
List the prime factors of 365025068.
2, 91256267
What are the prime factors of 93387302?
2, 46693651
List the prime factors of 1120204997.
43, 89, 292711
What are the prime factors of 107291111?
3061, 35051
List the prime factors of 332547108.
2, 3, 1061, 26119
List the prime factors of 44866748.
2, 263, 42649
What are the prime factors of 45966459?
3, 7, 11, 31, 131
What are the prime factors of 201593110?
2, 5, 20159311
List the prime factors of 2855143487.
7, 1621, 251621
What are the prime factors of 31938810?
2, 3, 5, 19, 137, 409
What are the prime factors of 1361201759?
1361201759
What are the prime factors of 843505333?
11, 76682303
What are the prime factors of 4140123?
3, 13, 83, 1279
What are the prime factors of 71612229?
3, 13, 137, 1031
List the prime factors of 997374.
2, 3, 7, 23747
List the prime factors of 121703449.
7, 17386207
List the prime factors of 364179882.
2, 3, 11, 17, 61, 313
List the prime factors of 5505740774.
2, 2752870387
List the prime factors of 168601134.
2, 3, 13, 2161553
What are the prime factors of 1371091568?
2, 7, 11, 1112899
What are the prime factors of 367666749?
3, 13617287
List the prime factors of 1